-7 + 9)). Let o be -14*(((-60)/n)/5 - -1). Calculate the highest common factor of 91 and o.
7
Suppose -4*m + 981 = -7*n, 0*n - n - 493 = -2*m. Calculate the highest common factor of 779 and m.
19
Suppose -281*r - 104996 = -92888 - 338630. What is the highest common divisor of 830 and r?
166
Let f = 38 + -34. Suppose c + 808 = -f*p, -4*c - p - 2435 = -c. Let l be (-2)/6 - c/6. Calculate the highest common divisor of 15 and l.
15
Let h = -12621 - -17714. What is the highest common factor of 33 and h?
11
Suppose 5*r - 71 = -2*q, -r = -3*q + 2 - 6. Let x(z) = -6*z + 134. Let i be x(r). What is the greatest common divisor of 24 and i?
8
Let a(i) = 12*i - 8. Let m be a(10). Let g be -11 + (2 - (-225)/9). What is the highest common divisor of g and m?
16
Let u(z) = -42*z - 1110. Let a be u(-41). What is the highest common divisor of a and 81?
9
Let i be 116/6 + (-12)/(-18). Let l = 32 - 42. Let r be l/3*9/(-6)*1. Calculate the greatest common factor of r and i.
5
Suppose 9*s = 28*s - 76. Suppose 0 = -q + 2*y + 65, 0 = -2*q + s*q + y - 105. What is the highest common divisor of q and 44?
11
Suppose 0 = 4*n - 19 - 125. Suppose 405 = 12*i - 47 - 736. What is the greatest common factor of i and n?
9
Let n = 4704 + -4699. Calculate the highest common factor of n and 2845.
5
Let q(h) = -h**3 + 11*h**2 - 10*h - 12. Let f be q(10). Let n = -12 - f. Suppose 0 = -n*d + 4*d - 260. What is the greatest common factor of 26 and d?
13
Let v be (0 + -1)*(-11)/((-22)/(-16)). Suppose 0 = -v*h + 190 + 2. What is the greatest common divisor of h and 132?
12
Let f be (4/(-14))/(13/(-273)) + -1. Suppose -21 = -m + z, -2*m + f*m - 4*z = 62. Calculate the greatest common divisor of m and 286.
22
Suppose 0 = -121*d + 1823 - 371. Calculate the greatest common divisor of d and 1572.
12
Suppose -5*s = 5*l - 0 - 10, 10 = 2*l - 4*s. Let o be 1*9 - (-24 - -32)/4. What is the greatest common factor of l and o?
1
Suppose 15*m = 17*m - 192. Suppose 347*y - 1760 = 336*y. Calculate the highest common factor of y and m.
32
Suppose 27*u + 34*u = 305. Suppose -7*t + 11*t = 4. What is the greatest common factor of t and u?
1
Let s(g) = 35*g**2 + 9*g - 352. Let k be s(-11). Calculate the highest common factor of k and 264.
88
Let j be (640/(-176))/((-100)/550). Let x = 252 - 117. Calculate the highest common factor of x and j.
5
Let b(h) = -13*h**3 + 4*h**2 - 2*h - 4. Let s be b(2). Let t = 2 - s. Calculate the greatest common divisor of 112 and t.
14
Suppose -5*o + 33 = -3*g, -4*g - 26 - 2 = -4*o. Suppose 161*l + 34*l - 10693 = 45467. Calculate the highest common factor of o and l.
6
Let k = 6673 + -6660. Calculate the highest common divisor of 5 and k.
1
Let x(g) = g**2 + 15*g - 4. Let c = 102 + -148. Let q = c + 30. Let i be x(q). Calculate the highest common factor of i and 96.
12
Let y(a) = 209*a + 3592. Let m be y(-17). What is the greatest common factor of m and 1170?
39
Suppose 5*k + 4 = 9, 127 = 5*x - 3*k. Suppose r - 466 + 500 = -4*n, 2*r + 2*n = -14. Calculate the greatest common factor of r and x.
2
Suppose 0 = -4*u + 3*s + 4212, -16*u + 12*u = -s - 4204. Suppose 22*g = -u + 4790. Calculate the greatest common divisor of g and 10.
10
Let u be 158*4/(-8)*-19. What is the greatest common divisor of 395 and u?
79
Let b(m) = 2*m**3 - 3*m**2 - 21*m + 138. Let u be b(4). Calculate the greatest common divisor of u and 1675.
67
Suppose -1668930 + 406032 = -577*r + 63*r. What is the greatest common divisor of 9 and r?
9
Suppose 0 = -225*b + 94*b + 4061. Let l be (-40)/(-18) - (-2)/(-9). What is the highest common divisor of l and b?
1
Let y(a) = a**2 - 17*a + 17. Let r be y(16). Let x be ((-80)/60)/(r/((-12)/2)). Let w = 25 - x. Calculate the greatest common divisor of w and 136.
17
Let c(m) = -m**3 - 28*m**2 + 5*m + 1050. Let o be c(0). Let l = -112 + 162. Calculate the greatest common factor of o and l.
50
Suppose -5*n = 12 - 47. Let u = n + -7. Let v be u - -14 - (-20)/(-5). What is the highest common divisor of 20 and v?
10
Let s be 3/(-1 - 0/4). Let l = s + 5. Suppose -l*y - 2*y = -832. What is the highest common factor of y and 26?
26
Let y = -131 + 140. Suppose 10*l - 76 = y*l. Suppose l = o + 18*o. Calculate the greatest common divisor of 8 and o.
4
Let d be 2/10 + (2 - 52/10). Let p = d - -19. Let h = p - 3. What is the highest common divisor of h and 130?
13
Let y = -17 - -21. Suppose 5*z + 4*x + 96 = 0, -y*x - 28 + 72 = -2*z. Let u be (-3)/(-2*(-5)/z). What is the greatest common divisor of u and 9?
3
Suppose -15 = 4*z - 175. Let w = 1064 + -1052. Suppose 134 = w*l - 586. What is the highest common divisor of z and l?
20
Let j = -15 - -56. Suppose j*n - 40 = 39*n. Calculate the greatest common factor of n and 14.
2
Let i(q) = 6*q**2 - 446*q - 196. Let k be i(75). What is the greatest common divisor of k and 3848?
104
Let v(m) = 9*m - 2. Let s(b) = b**2 + 6*b - 15. Let t be s(-8). Let g be v(t). Let n be 106 + g + 1/(-1). Calculate the greatest common divisor of 16 and n.
16
Let z be ((-3731)/(-82))/(3/(-324)*-3). Calculate the greatest common divisor of 364 and z.
182
Let t(b) = 549*b - 5259. Let u be t(11). What is the highest common factor of 228 and u?
12
Suppose 7*g + g = 2*g + 26688. What is the greatest common factor of 32 and g?
32
Let o be (-14)/63*-6 - (-44)/(-6). Let f(m) = -26*m - 112. Let l be f(o). Calculate the highest common factor of l and 66.
22
Let f = -151 - -551. Suppose -l = -6*l + f. Calculate the highest common divisor of 440 and l.
40
Suppose 5*f = -4*y + 57 + 42, 4*f - 77 = -y. Let b = -58 + 112. Let w = b - -3. What is the highest common factor of f and w?
19
Suppose 9504 = 15*a - 4*a + 16*a. Calculate the greatest common factor of a and 42592.
352
Suppose -10*s - 2*o + 106395 = s, -3*o = -5*s + 48377. Calculate the greatest common divisor of s and 34.
17
Let q = -642 - -644. Suppose q*a - 75 = -56*o + 55*o, -9 = -3*a. What is the greatest common divisor of o and 276?
69
Let y = 3667 + -3302. Calculate the greatest common divisor of y and 5840.
365
Let q = -2133 + 2309. What is the highest common divisor of q and 20?
4
Let k(j) = -j**3 + 14*j**2 - j + 18. Let z = 127 + -113. Let b be k(z). Let q be b/18 + ((-2044)/(-36) - 1). What is the highest common factor of 24 and q?
8
Suppose -55*o = -894 - 710 + 174. Calculate the greatest common divisor of o and 117.
13
Suppose -78 = 40*x - 34*x. Let p(s) = -s**2 - 4. Let w be p(6). Let g = x - w. What is the greatest common divisor of g and 6?
3
Suppose -5 = -7*j + 65. Suppose 30*i - 2744 + 644 = 0. Calculate the greatest common divisor of j and i.
10
Suppose 0 = 2*q - l - 3915, -4*q = -l - 4903 - 2932. Calculate the highest common factor of q and 224.
56
Let i be ((-162)/(-4))/((-5)/(-10)). Suppose 373*y + 378 = 380*y. Calculate the greatest common factor of i and y.
27
Suppose 145 = -p + 114. Let h = p - 63. Let b = h - -110. Calculate the highest common factor of 96 and b.
16
Let s(z) = -z**2 - 12*z - 1. Let q be s(-16). Let c = q - -44. Let k = c + 29. What is the greatest common factor of k and 72?
8
Let j(z) = 9*z - 52. Let s be j(-18). Let y = s - -215. Calculate the greatest common divisor of 1 and y.
1
Let h be 3795/44 + (-5)/20. Let w = 250 + h. Calculate the highest common divisor of 84 and w.
84
Let w be (15*-1)/(3/(-12)). Let a be (-2941)/(-7) + (-48)/(-56)*2/(-12). What is the highest common divisor of a and w?
60
Suppose 0 = 3*x - 24*x + 525. What is the greatest common factor of 655 and x?
5
Let z = 8811 + -8776. Let c be (-4)/(-16) - 699/(-4). What is the highest common factor of c and z?
35
Suppose -g + 2*u + 2223 = 0, 10*g - 13*g + 4*u + 6671 = 0. What is the highest common divisor of g and 175?
25
Suppose 0 = 3*x + q - 76, 0 = 2*x + x - q - 68. Let d = -10536 - -10544. What is the greatest common factor of x and d?
8
Suppose -3*g = -73 - 149. Let f = -66 + g. Let s be (66/f)/((-1)/(-24) + 0). Calculate the greatest common factor of 22 and s.
22
Let t(y) = 91*y. Let b be t(5). Let o = 21515 - 21445. Calculate the greatest common factor of o and b.
35
Let p be (2/6)/(6*1/36). Let k be (-2 + -10)*p*(5 - 7). Calculate the greatest common divisor of k and 352.
16
Let t be (2*23/92)/((-1)/(-12322)). Calculate the greatest common divisor of 61 and t.
61
Let f = 217 + -212. Suppose -97 = -4*v